ase 2, what is -1001100100101 + -101?
-1001100101010
In base 16, what is 3 + 1b?
1e
In base 3, what is 120 + -20120?
-20000
In base 5, what is -132 + 0?
-132
In base 7, what is -4 + 2253?
2246
In base 12, what is -197 + b?
-188
In base 7, what is -121 - -45?
-43
In base 7, what is 4 + -6252?
-6245
In base 4, what is -10 - -320030?
320020
In base 3, what is 20121 + -1010?
12111
In base 5, what is 30240 - -3?
30243
In base 4, what is -322 - 3?
-331
In base 9, what is -5 + -20?
-25
In base 13, what is a + 8?
15
In base 11, what is -11 - -83?
72
In base 13, what is 165 - 1c?
146
In base 11, what is 24 + -308?
-294
In base 2, what is 1001000100 - 101?
1000111111
In base 10, what is -4 - 8?
-12
In base 2, what is 10001100011 + -100?
10001011111
In base 4, what is -1 - 213102?
-213103
In base 9, what is -23 + 17?
-5
In base 7, what is 21 + -30?
-6
In base 9, what is -8 - -28?
20
In base 14, what is 4 + 153?
157
In base 14, what is 124 + 3?
127
In base 8, what is -3 + 1025?
1022
In base 13, what is 6 + -a?
-4
In base 16, what is -4 + -340?
-344
In base 6, what is 1 + -15?
-14
In base 13, what is -2b0 - -5?
-2a8
In base 5, what is -420 - -1?
-414
In base 10, what is -14 - -644?
630
In base 3, what is -2 + -20202?
-20211
In base 2, what is -1111100 + -10?
-1111110
In base 2, what is -1 - -1001101110?
1001101101
In base 3, what is 210101 + 12?
210120
In base 12, what is 5 + -49?
-44
In base 14, what is 2b + 3?
30
In base 13, what is 3 - -ac?
b2
In base 16, what is 1b9c - -2?
1b9e
In base 9, what is 171 - 4?
166
In base 13, what is 4 + -49?
-45
In base 16, what is 77 - 5?
72
In base 11, what is 12 + -7?
6
In base 16, what is 3 - -dd?
e0
In base 5, what is -3340 + -11?
-3401
In base 2, what is -10101 - 10010110100?
-10011001001
In base 11, what is -a + 14?
5
In base 14, what is 0 - -168?
168
In base 8, what is 14 - -21?
35
In base 6, what is -5 + 1344?
1335
In base 14, what is 4 + 51?
55
In base 3, what is 21220110 - 10?
21220100
In base 3, what is 200020 + 0?
200020
In base 2, what is -110100 + -100?
-111000
In base 6, what is -43 - -153?
110
In base 10, what is -5 - 72?
-77
In base 16, what is 0 + 90?
90
In base 8, what is -5 + -1?
-6
In base 13, what is 23 - -20c?
232
In base 4, what is -3 + -101300?
-101303
In base 13, what is -12 - 16?
-28
In base 3, what is 212121212 - 2?
212121210
In base 11, what is 116 - -1?
117
In base 3, what is -12 - 2111122?
-2111211
In base 14, what is 34 - -4?
38
In base 10, what is 1477 + 1?
1478
In base 15, what is 32 - 0?
32
In base 3, what is 221 + 221?
1212
In base 5, what is -2 - 321?
-323
In base 4, what is 13 - 1011?
-332
In base 2, what is 0 + -1001000?
-1001000
In base 7, what is -3 + -460?
-463
In base 12, what is -123 - 3?
-126
In base 14, what is 3c + 1?
3d
In base 8, what is -2 - 1427?
-1431
In base 12, what is 12a + 3?
131
In base 12, what is 49 - 1?
48
In base 5, what is 1222 + 3?
1230
In base 16, what is 19 + -5?
14
In base 16, what is -49 - -1?
-48
In base 12, what is -4 - 153?
-157
In base 10, what is -25 + 116?
91
In base 9, what is 564 - -3?
567
In base 8, what is -242 - -43?
-177
In base 9, what is -2 - 16?
-18
In base 7, what is 3 + -4516?
-4513
In base 10, what is -12 + -110?
-122
In base 11, what is -7209 + 5?
-7204
In base 13, what is -1a - -7?
-13
In base 7, what is -1 + 3226?
3225
In base 10, what is -5270 - 2?
-5272
In base 8, what is 45 - -10?
55
In base 5, what is 104 - 11220?
-11111
In base 15, what is -487 - 3?
-48a
In base 8, what is -3465 + -1?
-3466
In base 4, what is 231 + 321?
1212
In base 4, what is 10 + -332?
-322
In base 2, what is -11 + -1101001110?
-1101010001
In base 14, what is 4 - b5?
-b1
In base 6, what is 34 + -434?
-400
In base 8, what is 2 + -161?
-157
In base 15, what is -8a + -1?
-8b
In base 13, what is 8 - 1?
7
In base 13, what is 72 - 10?
62
In base 3, what is 1 - 12221021?
-12221020
In base 10, what is -3 + 122?
119
In base 6, what is 4 + 4?
12
In base 15, what is 5 - 97?
-92
In base 3, what is -11101 + 10?
-11021
In base 11, what is -828 + 12?
-816
In base 4, what is 203322 + 12?
210000
In base 7, what is 2 + 110?
112
In base 16, what is 0 + -1c?
-1c
In base 3, what is -2 + 1200?
1121
In base 16, what is -66b - -5?
-666
In base 6, what is -143 + -121?
-304
In base 7, what is -4 - 6361?
-6365
In base 13, what is 2b0 - 3?
2aa
In base 10, what is -4723 - 4?
-4727
In base 12, what is 64 - -4?
68
In base 13, what is 138 + 0?
138
In base 7, what is 535 + 4?
542
In base 4, what is 20233 + -11?
20222
In base 15, what is 13 - 8d?
-7a
In base 2, what is -1000101 - 100111?
-1101100
In base 11, what is -7 - -28?
21
In base 15, what is 2 - -104?
106
In base 13, what is 5b43 - 3?
5b40
In base 3, what is -2022 + -2?
-2101
In base 9, what is 2 - 565?
-563
In base 6, what is -10 - -322?
312
In base 12, what is 3b9a + 5?
3ba3
In base 10, what is -3863 + 4?
-3859
In base 6, what is 255 - -2?
301
In base 3, what is 2202120 + 2?
2202122
In base 11, what is -2 + -7a8?
-7aa
In base 7, what is 560 + 4?
564
In base 16, what is -2e - -3?
-2b
In base 14, what is -2b - -b?
-20
In base 4, what is 13 + 302303?
302322
In base 8, what is -4 - -331?
325
In base 10, what is -1 - -273?
272
In base 16, what is 3 - -10f?
112
In base 16, what is -191 + 2?
-18f
In base 10, what is 9 + -95?
-86
In base 11, what is a + 16?
25
In base 14, what is -2048 - -3?
-2045
In base 8, what is 104 + 23?
127
In base 9, what is -1 + 2348?
2347
In base 13, what is 14 + -35?
-21
In base 9, what is 2 + 236?
238
In base 5, what is 3 - -1242?
1300
In base 4, what is -2001 + -300?
-2301
In base 12, what is -4 + -3028?
-3030
In base 9, what is -4 + 478?
474
In base 13, what is 4 + -787?
-783
In base 13, what is -23 - -1c?
-4
In base 10, what is 151 - 10?
141
In base 15, what is -c8 - 5?
-cd
In base 11, what is -5 + -3224?
-3229
In base 10, what is -5 - -54?
49
In base 2, what is 101 + 100011?
101000
In base 15, what is 0 - 1c9?
-1c9
In base 9, what is 2256 - 1?
2255
In base 13, what is -2 - 346?
-348
In base 12, what is 121 - 6?
117
In base 16, what is -16 - -f?
-7
In base 5, what is 3224 + 0?
3224
In base 6, what is -20433 - 3?
-20440
In base 15, what is -3 - 560?
-563
In base 4, what is -10 - 21101?
-21111
In base 16, what is -16 + 5?
-11
In base 13, what is -1 + 4c?
4b
In base 3, what is 10 + -102?
-22
In base 6, what is 5 - 3221?
-3212
In base 11, what is -3596 - 3?
-3599
In base 9, what is 37332 - -5?
37337
In base 12, what is 8 + -618?
-610
In base 4, what is -3 + 11230?
11221
In base 2, what is 1 - 10010000001?
-10010000000
In base 12, what is -2 - -420?
41a
In base 2, what is -1110111 + 11?
-1110100
In base 6, what is 3 + -15?
-12
In base 11, what is -14 - 12?
-26
In base 12, what is -52 + 9?
-45
In base 11, what is 5 - 342?
-338
In base 12, what is 5 - -458?
461
In base 10, what is -286 + 2?
-284
In base 11, what is -1 + 38a1?
38a0
In base 5, what is 34213 + 4?
34222
In base 15, what is -202 - -3?
-1ee
In base 9, what is 5 + -8?
-3
In base 11, what is 9 - -18?
26
In base 13, what is 2 - 114?
-112
In base 11, what is 1a + 16?
35
In base 5, what is -243 + 303?
10
In base 11, what is 12869 - 4?
12865
In base 14, what is 2 - -52b?
52d
In base 16, what is -5 + 1?
-4
In base 6, what is 4 + 114?
122
In base 7, what is -5364 + 1?
-5363
In base 5, what is 0 + -2?
-2
In base 14, what is 1d5 + 5?
1da
In base 14, what is -1 + 22?
21
In base 11, what is 2 + 12a7?
12a9
In base 15, what is -1 + -b8?
-b9
In base 15, what is -bc - -1?
-bb
In base 2, what is 1001 + 10001?
11010
In base 5, what is -34044 - 2?
-34101
In base 3, what is 10 - -1222?
2002
In base 4, what is -22 - -2?
-20
In base 4, what is 22203 + 20?
22223
In base 8, what is 4 - 113?
-107
In base 14, what is -2 + 864?
862
In base 7, what is 13 + 10241?
10254
In base 16, what is -f - -13?
4
In base 15, what is -4 - 8?
-c
In base 13, what is -4 + -b6?
-ba
In base 12, what is 13b + 66?
1a5
In base 2, what is -110111 + -110?
-111101
In base 13, what is 3706 - 2?
3704
In base 7, what is -4 + -114?
-121
In base 14, what is -174 - 8?
-17c
In base 3, what is -12100 + 0?
-12100
In base 16, what is -1 + -def?
-df0
In base 4, what is -1120332 + 10?
-1120322
In base 14, what is -37 - -2?
-35
In base 7, what is 3 + -632?
-626
In base 9, what is -140 + -3?
-143
In base 9, what is 463 -